9
What are the prime factors of 795706?
2, 191, 2083
What are the prime factors of 7333865?
5, 7, 11, 43, 443
What are the prime factors of 2620469?
29, 109, 829
List the prime factors of 4616634.
2, 3, 11, 6359
List the prime factors of 942226.
2, 193, 2441
What are the prime factors of 462172?
2, 227, 509
What are the prime factors of 10223743?
107, 95549
What are the prime factors of 12664469?
19, 373, 1787
What are the prime factors of 245275?
5, 9811
What are the prime factors of 27409476?
2, 3, 19, 239, 503
What are the prime factors of 194934?
2, 3, 53, 613
List the prime factors of 5700884.
2, 7, 97, 2099
List the prime factors of 17218394.
2, 37, 232681
List the prime factors of 174937.
7, 67, 373
What are the prime factors of 26855548?
2, 31, 216577
List the prime factors of 397427.
397427
List the prime factors of 28274456.
2, 7, 504901
What are the prime factors of 2723737?
2723737
List the prime factors of 4140152.
2, 37, 71, 197
List the prime factors of 10440227.
7, 17, 59, 1487
What are the prime factors of 448063?
7, 11, 23
What are the prime factors of 7769861?
11, 439, 1609
List the prime factors of 124650.
2, 3, 5, 277
List the prime factors of 572282.
2, 277, 1033
List the prime factors of 254079.
3, 7, 37, 109
What are the prime factors of 8654388?
2, 3, 721199
List the prime factors of 93379.
11, 13, 653
What are the prime factors of 144488?
2, 18061
List the prime factors of 13039600.
2, 5, 7, 4657
List the prime factors of 4112789.
223, 18443
What are the prime factors of 3215422?
2, 7, 241, 953
What are the prime factors of 556376?
2, 17, 4091
What are the prime factors of 87100?
2, 5, 13, 67
What are the prime factors of 734541?
3, 29, 8443
List the prime factors of 3523350.
2, 3, 5, 83, 283
What are the prime factors of 1855332?
2, 3, 41, 419
What are the prime factors of 214221?
3, 7, 101
List the prime factors of 678542.
2, 29, 11699
List the prime factors of 340080.
2, 3, 5, 13, 109
List the prime factors of 1647707.
1647707
List the prime factors of 128373.
3, 7, 6113
List the prime factors of 6668717.
11, 606247
List the prime factors of 69760.
2, 5, 109
What are the prime factors of 246082?
2, 41, 3001
What are the prime factors of 708762?
2, 3, 118127
What are the prime factors of 494188?
2, 123547
What are the prime factors of 7748983?
11, 704453
What are the prime factors of 273448?
2, 7, 19, 257
List the prime factors of 3197950.
2, 5, 7, 9137
List the prime factors of 120944.
2, 7559
List the prime factors of 8287.
8287
What are the prime factors of 4043074?
2, 7, 487, 593
List the prime factors of 6075919.
17, 419, 853
List the prime factors of 8587937.
8587937
List the prime factors of 3509251.
3509251
What are the prime factors of 12404331?
3, 773, 1783
What are the prime factors of 3168183?
3, 1056061
List the prime factors of 261067.
71, 3677
List the prime factors of 669254.
2, 23, 14549
What are the prime factors of 344178?
2, 3, 19121
What are the prime factors of 40607?
7, 5801
What are the prime factors of 410384?
2, 13, 1973
List the prime factors of 321088.
2, 29, 173
What are the prime factors of 227572?
2, 56893
What are the prime factors of 6602149?
6602149
What are the prime factors of 4311122?
2, 47, 45863
List the prime factors of 419068.
2, 13, 8059
What are the prime factors of 120466?
2, 29, 31, 67
What are the prime factors of 614715?
3, 5, 107, 383
List the prime factors of 3390964.
2, 847741
What are the prime factors of 656807?
379, 1733
What are the prime factors of 1791905?
5, 41, 8741
What are the prime factors of 2504255?
5, 13, 59, 653
List the prime factors of 407155.
5, 7, 11633
What are the prime factors of 9638318?
2, 4819159
What are the prime factors of 4637684?
2, 1159421
List the prime factors of 1762090.
2, 5, 11, 83, 193
List the prime factors of 313493.
67, 4679
List the prime factors of 3480917.
11, 71, 4457
What are the prime factors of 1035942?
2, 3, 172657
List the prime factors of 8361593.
37, 225989
List the prime factors of 48027.
3, 7, 2287
List the prime factors of 249939.
3, 9257
What are the prime factors of 15331848?
2, 3, 7, 263, 347
List the prime factors of 3080788.
2, 431, 1787
List the prime factors of 162055.
5, 32411
List the prime factors of 1420539.
3, 473513
What are the prime factors of 154719?
3, 17191
What are the prime factors of 387916?
2, 96979
List the prime factors of 5490368.
2, 13, 6599
List the prime factors of 1843288.
2, 103, 2237
What are the prime factors of 10740134?
2, 491, 10937
What are the prime factors of 2646603?
3, 294067
List the prime factors of 8120935.
5, 503, 3229
List the prime factors of 93907.
11, 8537
What are the prime factors of 1597108?
2, 399277
List the prime factors of 1370254.
2, 499, 1373
List the prime factors of 129815.
5, 7, 3709
What are the prime factors of 857403?
3, 95267
What are the prime factors of 8365243?
8365243
List the prime factors of 18214878.
2, 3, 11, 37, 7459
What are the prime factors of 488887?
7, 211, 331
List the prime factors of 3078612.
2, 3, 85517
List the prime factors of 832866.
2, 3, 127, 1093
List the prime factors of 221695.
5, 101, 439
List the prime factors of 8833985.
5, 131, 13487
What are the prime factors of 946594?
2, 11, 17, 2531
List the prime factors of 3986780.
2, 5, 7, 28477
What are the prime factors of 386652?
2, 3, 7, 4603
What are the prime factors of 6755576?
2, 844447
List the prime factors of 4364068.
2, 1091017
What are the prime factors of 2299246?
2, 53, 109, 199
List the prime factors of 427421.
427421
List the prime factors of 729375.
3, 5, 389
What are the prime factors of 1697780?
2, 5, 7, 67, 181
List the prime factors of 224555.
5, 97, 463
What are the prime factors of 874334?
2, 137, 3191
List the prime factors of 1133750.
2, 5, 907
What are the prime factors of 479461?
479461
List the prime factors of 731524.
2, 199, 919
What are the prime factors of 19527348?
2, 3, 59, 27581
List the prime factors of 744138.
2, 3, 41341
List the prime factors of 127653.
3, 17, 2503
List the prime factors of 297127.
41, 7247
List the prime factors of 16334575.
5, 37, 17659
List the prime factors of 6648135.
3, 5, 13, 103, 331
What are the prime factors of 339769?
339769
What are the prime factors of 39913065?
3, 5, 587, 1511
What are the prime factors of 1163525?
5, 11, 4231
What are the prime factors of 1873156?
2, 468289
What are the prime factors of 52112?
2, 3257
What are the prime factors of 1125044?
2, 137, 2053
List the prime factors of 1857822.
2, 3, 309637
What are the prime factors of 1815402?
2, 3, 302567
What are the prime factors of 1812405?
3, 5, 7, 41, 421
What are the prime factors of 55667?
55667
What are the prime factors of 16653476?
2, 7, 71, 8377
What are the prime factors of 17955372?
2, 3, 73, 103, 199
List the prime factors of 14611565.
5, 2922313
What are the prime factors of 381506?
2, 190753
What are the prime factors of 119266?
2, 7, 1217
What are the prime factors of 12953795?
5, 103, 25153
What are the prime factors of 504937?
504937
What are the prime factors of 15463?
7, 47
List the prime factors of 35856843.
3, 11, 383, 2837
List the prime factors of 20843933.
11, 59, 32117
What are the prime factors of 1210374?
2, 3, 11, 6113
What are the prime factors of 436125?
3, 5, 1163
What are the prime factors of 5192952?
2, 3, 216373
What are the prime factors of 594278?
2, 107, 2777
List the prime factors of 309369.
3, 103123
List the prime factors of 120069.
3, 4447
What are the prime factors of 3757706?
2, 19, 98887
List the prime factors of 64077.
3, 13, 31, 53
List the prime factors of 2921796.
2, 3, 277, 293
List the prime factors of 14128463.
23, 547, 1123
What are the prime factors of 183030?
2, 3, 5, 6101
What are the prime factors of 140903?
7, 20129
What are the prime factors of 7140927?
3, 67, 35527
What are the prime factors of 18843576?
2, 3, 769, 1021
What are the prime factors of 7679747?
7679747
What are the prime factors of 1362990?
2, 3, 5, 45433
What are the prime factors of 1537081?
7, 13, 19, 127
List the prime factors of 1032584.
2, 7, 18439
List the prime factors of 644766.
2, 3, 41, 2621
List the prime factors of 93649.
71, 1319
List the prime factors of 2966282.
2, 11, 73, 1847
What are the prime factors 